*n - 18. Let o be s(-14). What are the prime factors of o + (1 - 2) + 0?
37
List the prime factors of 33 + -1 - (3 - -1).
2, 7
Suppose -2*k - 16 = 3*i, 2*k + 2*i + 7 = -5. Let x = 2 - k. Let w = x + 8. What are the prime factors of w?
2, 3
Suppose 3*a + 2 - 11 = 0. Suppose -4*g - 2*y - a*y = 12, y + 2 = -g. Suppose -4*k - g + 30 = f, -5*f = 0. What are the prime factors of k?
7
Suppose 0 = 16*n - 2*n - 2254. What are the prime factors of n?
7, 23
Suppose 3*g - 3*s - 9 = 0, -1 - 2 = g + 5*s. Suppose -g*a + 2*p = -p - 1, 4*a = -p + 9. List the prime factors of a.
2
What are the prime factors of (-11)/(42/(-10) + 4)?
5, 11
List the prime factors of (-28)/(-1*(-4)/(-8)).
2, 7
Suppose -h - 9 = -2*z, 4*z - 25 = -2*h - 3*h. Let t(w) = w**3 - 6*w**2 + 3*w + 6. Let l be t(z). List the prime factors of (1/(-3))/(l/108).
3
Let r be 3 - (-1 - -2) - 2. Suppose 2*o + 2*l = -r*o + 28, 3*o + 5*l - 34 = 0. List the prime factors of o.
2, 3
Suppose 5*s - 5*i = -10, 5 = 2*i + 1. Let r be -18*-1*(s - -1). Let y = -9 + r. What are the prime factors of y?
3
Let b = 39 - 5. What are the prime factors of b?
2, 17
Suppose 1 + 23 = 3*p - 3*g, 3*p + 2*g - 19 = 0. What are the prime factors of p?
7
Let v be 8/(-20) - (-266)/(-10). What are the prime factors of (-669)/v - (-4)/18?
5
Let u = 1 + 1. Let k be (-2)/u + (-5 - -4). What are the prime factors of (0 - 0) + k + 10?
2
Suppose b + 5*o - 117 = 0, 4*o - 221 = -4*b + 167. What are the prime factors of b?
2, 23
Suppose 0 = -f - 2*d + 8, 3*f - 4*d = d + 46. Let o = f - 6. Suppose o + 5 = a. List the prime factors of a.
11
Let z(m) = -3*m**3 - 12*m**2 + 13*m + 13. Let n(b) = 7*b**3 + 25*b**2 - 26*b - 25. Let x(v) = -2*n(v) - 5*z(v). List the prime factors of x(-11).
7
List the prime factors of (3 + (-575)/15)/(2/(-12)).
2, 53
Let o(y) = y**2 - 2*y - 5. Let q be o(4). Suppose -2*p - 21 - q = 0. What are the prime factors of (p/(-10))/((-6)/(-15))?
3
Let l(g) = -g**2 - 18*g + 22. What are the prime factors of l(-15)?
67
Let l be -1*(-87)/9*6. Let p be l/(-1 + -2 + 5). List the prime factors of (-4)/(-8) - p/(-2).
3, 5
Suppose c + 475 = 6*c. Suppose w = 4*u - 75, -6*u + c = -u - w. What are the prime factors of u?
2, 5
Let m(r) = r**2 + 10*r + 2. Let c be m(-10). List the prime factors of (1/c)/((-2)/(-8)).
2
Let f be 1/(1/(2 - 1)). Let a be (-15)/f*40/(-15). Suppose a - 4 = 3*y. What are the prime factors of y?
2, 3
Suppose 2*f = -2*f - 28. Let p = 10 - f. List the prime factors of p.
17
Let p = -16 + 26. List the prime factors of p.
2, 5
Suppose 0 = -4*s - 5*g + 10, -3*g + 5 + 1 = 0. Suppose s = h + 4 - 11. List the prime factors of h.
7
Let p(i) = i**2 - 5*i - 4. Let o be p(-3). Suppose -4 = 2*m - v + 3*v, -5*v - o = 0. What are the prime factors of m?
2
Let n(p) = -p**2 - 7*p - 2. Let b be n(-6). Suppose 4*r - 3*r = 5, -b*x - r + 61 = 0. What are the prime factors of x?
2, 7
Suppose -1 = -u - 0. List the prime factors of 9*-1*(u + -2).
3
Let d(v) = v + 20. Let x be 11/(-3) + 2/(-6). Let w = -4 - x. What are the prime factors of d(w)?
2, 5
Let y(v) = v + 1. Let z be y(-8). List the prime factors of -1 + 1 - z*1.
7
Suppose 3*t - 165 = -2*t. What are the prime factors of t?
3, 11
Let d = -2 + 4. Suppose 3*b + 4*o - 132 = -b, d*o - 6 = 0. What are the prime factors of b?
2, 3, 5
Let j = 1 - -2. Suppose -i + 21 = 2*y, j*y - 17 = 2*i - 3. What are the prime factors of y?
2
Let z = 6 + -1. Suppose 44 = 4*x + 2*s, -z = 4*x - 5*s - 35. What are the prime factors of x?
2, 5
What are the prime factors of (126/(-15))/((-4)/10)?
3, 7
Let x be (16/10)/(14/105). Suppose u = -u + x. List the prime factors of u.
2, 3
Let z(w) = w**3 - 7*w**2 - 8*w + 1. Let s be z(8). Suppose 10 = u + s. Suppose g - 2*g + u = 0. List the prime factors of g.
3
Suppose -3*s + 3*c + 3 = 0, 5*s = -4*c - 8 - 14. Let f = s - -5. Let j = 10 - f. List the prime factors of j.
7
Suppose -4*z - 15 = 21. List the prime factors of 12/z*3 + 9.
5
List the prime factors of (-1)/4 + 1898*(-1)/(-8).
3, 79
List the prime factors of (-14)/4*(-13 - -3).
5, 7
Suppose 4*j + 2*f - 92 = 0, j - 85 = -4*j + 5*f. List the prime factors of j.
3, 7
What are the prime factors of (3 + 22/(-2))*-1?
2
Let r(a) = -a + 19. Suppose 0 = -4*i - 0*i. List the prime factors of r(i).
19
Let g be 114/(-42) + (-2)/7. List the prime factors of (2/g)/(4/(-90)).
3, 5
Let m = 5 - 3. Suppose 4*u = -m*l + 7*l + 23, -4*u + 2 = 2*l. Suppose -3*c + 24 = -3*x, u*c - 3*x - 6 - 10 = 0. List the prime factors of c.
2
Let w = 2 + -1. Let x(b) = -5*b**3 + 2*b**2 - 2*b + 1. Let m be x(w). What are the prime factors of (m - -1)*(-3 - 0)?
3
Let r = 15 - -16. List the prime factors of r.
31
Suppose 37*l - 123 = 34*l. What are the prime factors of l?
41
Let m be (-6 - -4)*(-18)/4. Let a = 15 - m. List the prime factors of ((-2)/3)/(a/(-27)).
3
Let b(l) = -l**3 - 3*l**2 - 12*l + 11. What are the prime factors of b(-6)?
191
Let t be 3 + -1 + 0 + 1. Suppose 0*i - 5*l = 2*i + 14, 3*i + 3*l + t = 0. Suppose i*w - 12 = -s, 0*w - 4*w - 5*s + 27 = 0. What are the prime factors of w?
3
Let w be 1*(2 - 0/(-3)). Let k(t) = -3*t + 0 + w + 2*t. What are the prime factors of k(-6)?
2
Let n = -3 - 3. Let j be (-14)/n + (-16)/(-24). List the prime factors of j - 1/(2/(-26)).
2
Let k be -2 - 0 - (-3 - -1). Let s = k - -4. Suppose s*t = -t + 50. List the prime factors of t.
2, 5
Let h = -54 - -86. List the prime factors of h.
2
Let a(z) = -2*z - 3. Let k be a(-8). Suppose -3*u + 8 = -k. List the prime factors of u.
7
Let l = 287 - 17. What are the prime factors of l?
2, 3, 5
Let t(a) = a**3 - 3*a**2 + 2*a. Let h be t(2). Suppose f - 4*f = 5*u - 42, -2*u = h. List the prime factors of f.
2, 7
Let d = -15 - -26. Let p(j) = -j**2 + 13*j - 14. What are the prime factors of p(d)?
2
Suppose 0 = 2*g, 5*f = 4*f + 2*g + 16. List the prime factors of f.
2
Let c(p) = 32*p**3 - p**2 + 2*p. What are the prime factors of c(1)?
3, 11
Suppose -17*d + 330 = -14*d. Suppose 4*p - 8 = 0, 4*o - p - d = -6*p. What are the prime factors of o?
5
Let b(i) = i**3 + 8*i**2 + 4*i - 7. List the prime factors of b(-6).
41
Let d = 13 - 7. Let x(y) = y**3 - 5*y**2 - 6*y - 5. Let z be x(d). Let t = z + 11. List the prime factors of t.
2, 3
Let o(i) = 10*i + 31. List the prime factors of o(4).
71
Suppose 6 + 4 = v. What are the prime factors of v?
2, 5
Let i = -13 + 21. Suppose k = -k + i. What are the prime factors of k?
2
Suppose 5*p - 995 = 5*s, 3*p = 6*s - 2*s + 600. List the prime factors of p.
2, 7
Suppose 0 = -5*s + 3*x + 9 + 16, -2*s - x + 10 = 0. What are the prime factors of s?
5
Suppose -1 + 3 = -2*z, 5*z - 10 = -5*j. Let v be j*(-1 + -2) - 1. Let x(r) = -r**2 - 10*r + 2. What are the prime factors of x(v)?
2
Let k(p) = -p - 2. Let t be k(-4). Let s(w) = w + 7*w - 5 + 2. List the prime factors of s(t).
13
Suppose 2*u - i - 495 = -153, -3*u + 513 = 3*i. List the prime factors of u.
3, 19
Let a = -30 - -42. List the prime factors of a.
2, 3
Let c(y) = y**2 + y. Let l(a) = -a - 8. Let n be l(-7). Let v be c(n). Let t = 2 - v. List the prime factors of t.
2
Let b(c) = c**2 - 2*c + 1. Let l(j) = j**3 - 5*j**2 - 7*j + 3. Let z be l(6). Let v = 6 + z. List the prime factors of b(v).
2
Suppose -q + 6*q = 0. Let j = 12 + q. List the prime factors of j.
2, 3
Suppose 2*o - 3*i + 3 = 0, i = -5*o - i + 21. Suppose o*c - 127 = 11. What are the prime factors of c?
2, 23
Let u = 14 - 28. Suppose 3*b = 2*b + 27. Let r = u + b. What are the prime factors of r?
13
What are the prime factors of ((-11)/(-4))/(13/104)?
2, 11
Suppose -4*p - 4*l = -l - 112, 42 = 2*p + 5*l. Let k = 1 + 4. Suppose -2*n = -j - 21, k*j + p = 3*n - 18. List the prime factors of n.
2
Suppose -n + l + 3 = 0, 3*n + 0*l - 6 = 2*l. Let j(r) = -r**2 - r + 2. Let v be j(n). Let z = v + 7. List the prime factors of z.
3
Let j(d) = d**2 + 6*d + 1. Let v be j(-6). Suppose -z + 5 = v. Suppose z*g = 4*f + 10 + 38, f - 9 = -2*g. List the prime factors of g.
7
Let u(l) = l**3 + 2*l**2 - l + 1. List the prime factors of u(4).
3, 31
Let r be (-2)/(-5)*(6 + -1). Suppose -7*a + 10 = -r*a. List the prime factors of 3 - -5 - (a + -1).
7
Let v = -62 + 93. Let k = v + -19. List the prime factors of k.
2, 3
Let o = 28 - 16. List the prime factors of -8*((-9)/o + 0).
2, 3
Let i(p) = 3*p**2 - 2. Let k be i(-3). Suppose k -